{"id":338,"date":"2022-10-24T16:55:38","date_gmt":"2022-10-24T14:55:38","guid":{"rendered":"https:\/\/yogastudio-ananda.de\/?page_id=338"},"modified":"2024-04-16T14:16:50","modified_gmt":"2024-04-16T12:16:50","slug":"vermietung","status":"publish","type":"page","link":"https:\/\/yogastudio-ananda.de\/index.php\/vermietung\/","title":{"rendered":"Vermietung"},"content":{"rendered":"\n<p class=\"has-text-align-center has-white-color has-accent-background-color has-text-color has-background\">Du willst dein Seminar, Workshop, Lesung, Singkreis oder \u00c4hnliches verwirklichen? Dann miete doch einfach dieses Studio! <\/p>\n\n\n\n<p>Es erwartet dich ein gro\u00dfer, heller, gem\u00fctlicher Raum mit gro\u00dfem Oberlicht auf 72 Quadratmetern im Dachgeschoss. Die freistehenden Balken des Fachwerks und ein runder Erker mit Sitzbank verleihen dem Raum Charme. Der Erker bietet zus\u00e4tzlich einen sch\u00f6nen Ausblick auf das Cottbusser Staatstheater. Neben dem gro\u00dfen Hauptraum ist auch ein weiterer Aufenthaltsraum mit Tee-K\u00fcche verf\u00fcgbar. In diesem 21 Quadratmeter gro\u00dfen Zimmer ist zus\u00e4tzlich eine Couch, ein Esstisch mit vier St\u00fchlen, eine Kaffeemaschine, ein Wasserkocher und ein K\u00fchlschrank vorhanden. Zus\u00e4tzlich geh\u00f6ren noch zwei B\u00e4der zu den R\u00e4umlichkeiten, wobei das eine Bad \u00fcber eine Dusche verf\u00fcgt.<\/p>\n\n\n\n<p class=\"has-white-color has-accent-background-color has-text-color has-background\">Zur Verf\u00fcgung stehen<\/p>\n\n\n\n<ul class=\"wp-block-list\">\n<li>Bis zu 12 Yogamatten, inklusive Bl\u00f6cke, Gurte<\/li>\n\n\n\n<li>Decken, Kissen<\/li>\n\n\n\n<li>24 Sitzkissen<\/li>\n\n\n\n<li>15 St\u00fchle<\/li>\n\n\n\n<li>Sitzecke im gro\u00dfen Raum<\/li>\n\n\n\n<li>Ausreichend Steckdosen<\/li>\n\n\n\n<li>gro\u00dfes Whiteboard<\/li>\n\n\n\n<li>Flipchart<\/li>\n\n\n\n<li>Hotspot<\/li>\n<\/ul>\n\n\n\n<figure class=\"wp-block-image size-large\"><img loading=\"lazy\" decoding=\"async\" width=\"1024\" height=\"768\" src=\"https:\/\/yogastudio-ananda.de\/wp-content\/uploads\/2022\/10\/1666622974629-1024x768.jpg\" alt=\"\" class=\"wp-image-361\" srcset=\"https:\/\/yogastudio-ananda.de\/wp-content\/uploads\/2022\/10\/1666622974629-1024x768.jpg 1024w, https:\/\/yogastudio-ananda.de\/wp-content\/uploads\/2022\/10\/1666622974629-300x225.jpg 300w, https:\/\/yogastudio-ananda.de\/wp-content\/uploads\/2022\/10\/1666622974629-768x576.jpg 768w, https:\/\/yogastudio-ananda.de\/wp-content\/uploads\/2022\/10\/1666622974629-1536x1152.jpg 1536w, https:\/\/yogastudio-ananda.de\/wp-content\/uploads\/2022\/10\/1666622974629-2048x1536.jpg 2048w\" sizes=\"auto, (max-width: 1024px) 100vw, 1024px\" \/><\/figure>\n\n\n\n<p class=\"has-white-color has-accent-background-color has-text-color has-background\">Tage der m\u00f6glichen Nutzung<\/p>\n\n\n\n<ul class=\"wp-block-list\">\n<li>Montag, ganzt\u00e4gig<\/li>\n\n\n\n<li>Freitag, ganzt\u00e4gig<\/li>\n\n\n\n<li>Wochenende<\/li>\n\n\n\n<li>Weiteres nach Absprache<\/li>\n<\/ul>\n\n\n\n<p class=\"has-white-color has-accent-background-color has-text-color has-background\">Sonstiges<\/p>\n\n\n\n<ul class=\"wp-block-list\">\n<li>\u00dcbernachtung f\u00fcr Kursleiter m\u00f6glich <\/li>\n\n\n\n<li>Flexible Schl\u00fcssel\u00fcbergabe <\/li>\n<\/ul>\n\n\n\n<p class=\"has-white-color has-accent-background-color has-text-color has-background\">Preise<\/p>\n\n\n\n<ul class=\"wp-block-list\">\n<li>Pro Stunde: 30\u20ac <\/li>\n\n\n\n<li>Pro Tag: nach Vereinbarung<\/li>\n\n\n\n<li>zu hinterlegende Kaution bei Tagesnutzung: 150\u20ac<\/li>\n<\/ul>\n","protected":false},"excerpt":{"rendered":"<p>Du willst dein Seminar, Workshop, Lesung, Singkreis oder \u00c4hnliches verwirklichen? Dann miete doch einfach dieses Studio! Es erwartet dich ein gro\u00dfer, heller, gem\u00fctlicher Raum mit gro\u00dfem Oberlicht auf 72 Quadratmetern im Dachgeschoss. Die freistehenden Balken des Fachwerks und ein runder Erker mit Sitzbank verleihen dem Raum Charme. Der Erker bietet [&hellip;]<\/p>\n","protected":false},"author":1,"featured_media":182,"parent":0,"menu_order":0,"comment_status":"closed","ping_status":"closed","template":"","meta":{"footnotes":""},"class_list":["post-338","page","type-page","status-publish","has-post-thumbnail","hentry"],"_links":{"self":[{"href":"https:\/\/yogastudio-ananda.de\/index.php\/wp-json\/wp\/v2\/pages\/338","targetHints":{"allow":["GET"]}}],"collection":[{"href":"https:\/\/yogastudio-ananda.de\/index.php\/wp-json\/wp\/v2\/pages"}],"about":[{"href":"https:\/\/yogastudio-ananda.de\/index.php\/wp-json\/wp\/v2\/types\/page"}],"author":[{"embeddable":true,"href":"https:\/\/yogastudio-ananda.de\/index.php\/wp-json\/wp\/v2\/users\/1"}],"replies":[{"embeddable":true,"href":"https:\/\/yogastudio-ananda.de\/index.php\/wp-json\/wp\/v2\/comments?post=338"}],"version-history":[{"count":10,"href":"https:\/\/yogastudio-ananda.de\/index.php\/wp-json\/wp\/v2\/pages\/338\/revisions"}],"predecessor-version":[{"id":379,"href":"https:\/\/yogastudio-ananda.de\/index.php\/wp-json\/wp\/v2\/pages\/338\/revisions\/379"}],"wp:featuredmedia":[{"embeddable":true,"href":"https:\/\/yogastudio-ananda.de\/index.php\/wp-json\/wp\/v2\/media\/182"}],"wp:attachment":[{"href":"https:\/\/yogastudio-ananda.de\/index.php\/wp-json\/wp\/v2\/media?parent=338"}],"curies":[{"name":"wp","href":"https:\/\/api.w.org\/{rel}","templated":true}]}}